(9 + -5)).
-6
Calculate -7 - (-1 + -2 + -2).
-2
Evaluate 3 - 16 - (2 - 7).
-8
Calculate (1 - -1 - -6) + -7.
1
Calculate 5 + -3 + -1 + (2 - 3).
0
Calculate -6 - (-1 - -6 - (-1 - -6)).
-6
What is -1 + -11 + 7 + 4?
-1
What is the value of -1 - 9 - -5 - -10?
5
Calculate -8 + 5 + 3 + -4 + 0.
-4
Evaluate (-2 - (1 - 2)) + 1.
0
9 + (3 - -5 - 17)
0
Calculate -1 - (2 - (1 - 1 - -1)).
-2
Calculate -7 + 5 - (2 + -2).
-2
Evaluate (3 - 4 - -1) + 2.
2
Calculate 3 + (6 - (3 - -11)).
-5
Calculate -6 + 7 + -4 - -11.
8
Calculate -2 - (-4 + 2) - 0.
0
Calculate (-1 + (-2 - -4) - 8) + 1.
-6
What is -8 - (10 - 12) - (-1 - 4)?
-1
What is the value of (-5 - -7) + -7 + 1 - -4?
0
Evaluate -1 + (1 - (-4 + 3)).
1
Calculate (4 - 7 - (-3 - 0)) + -5.
-5
Calculate -7 + 6 + -2 - (1 + 2).
-6
Evaluate 1 + -5 + 5 + 1 + -7.
-5
What is 0 - (-6 + 3 + 6 + -3)?
0
Evaluate (-6 - 10) + 5 + 6.
-5
What is the value of 0 - -4 - (-7 - -7)?
4
What is 0 - 2 - 0 - -2?
0
Evaluate -9 + 0 + -14 + 12 + 2.
-9
-17 + 6 + 28 + -10
7
What is 3 - (12 - (4 - -12))?
7
Evaluate -2 - (-6 - -7) - -4.
1
Evaluate 7 + 10 + -27 + 5.
-5
What is the value of -13 + (17 + -1 - 10)?
-7
Evaluate -9 + (-1 - (4 + -8)).
-6
-1 + -1 - (-4 - (-1 + -4))
-3
What is (20 - 19) + (4 - (8 - 1))?
-2
What is 1 - -2 - (-18 - -15)?
6
Evaluate (-49 - -56) + (2 - 20).
-11
What is 4 + (1 - -10) + (9 - 15)?
9
Evaluate -1 + 2 + -4 + 2 - -1.
0
What is 9 - ((8 - 4) + 6)?
-1
Evaluate 2 + -7 + 1 + 15 + 0.
11
Calculate (9 - (-1 - -5)) + -9.
-4
What is 3 + -2 - (4 - 1 - 7)?
5
-1 - (2 - 4 - (-1 + -5))
-5
Evaluate (-3 - -6 - 1) + -1.
1
What is the value of (5 - 3 - -2) + (-4 - -1)?
1
Evaluate -3 - (-6 - (-5 + 2)).
0
Calculate -11 + -1 - -4 - 0.
-8
Calculate (-5 - -11) + 5 - 7.
4
-10 - 2 - -3 - (-26 - -26)
-9
-7 + (-2 - -3) - -3
-3
Calculate 5 + -2 + 6 + -4 - 4.
1
Evaluate 0 + -4 - (-5 + -5).
6
Calculate 1 + (6 - 4) + 1.
4
(-7 - -3) + (-5 - -9)
0
What is the value of (2 - -1) + (-9 - -1)?
-5
1 - ((-7 - 2) + 7)
3
Evaluate -9 + 10 + (-1 - 1) + 8.
7
What is the value of 5 + 1 + -2 - (346 - 342)?
0
What is the value of 10 - 6 - (8 + -7)?
3
Evaluate 1 + -5 + -1 + 12.
7
-23 + 20 + 13 + -1
9
Calculate (-20 - -17) + -2 + -1.
-6
Calculate -4 + 1 + -3 + (6 - 2).
-2
(-5 - (-5 - -4) - 6) + 5
-5
Calculate 0 - 0 - (-7 + 5 + 4).
-2
Calculate 0 + -3 + (-7 - -12).
2
Evaluate -4 + -2 + 3 - -6.
3
Calculate 4 - (7 + -5 - 7 - -3).
6
Calculate 5 + 5 + (-7 - 1).
2
What is 8 - (3 - 0) - 9?
-4
What is the value of -6 - (-7 + (17 - 4) - 8)?
-4
-2 + 7 + (2 - -3)
10
What is the value of 3 + 2 + -7 + 2?
0
Evaluate (2 - -4) + 1 + -3.
4
What is -6 + 4 + 2 + -4?
-4
Evaluate (-43 - -38) + 2 + 0 + -2.
-5
What is the value of 5 + 0 - (-56 - -63)?
-2
Evaluate (-1 - 2) + (3 - 3).
-3
What is the value of -8 + 2 + -9 + 8?
-7
Calculate 1 + 7 - (-82 + 89).
1
Evaluate -10 + (16 + -11 - (0 - -2)).
-7
What is (-2 - (-2 + -3 + 0)) + -9?
-6
What is -2 + 9 + (-12 - -3)?
-2
11 + -6 + -5 - 6
-6
What is 34 + -36 + 2 + 6?
6
Calculate 4 + -2 + 1 + 2 + -1.
4
13 + (-11 + 7 - 3)
6
What is the value of 8 + (-2 - -2) + (-2 - 2)?
4
What is 5 - (4 - (0 + 2)) - 6?
-3
(-37 - -41) + (-2 - (0 + -2))
4
What is the value of (3 - -1) + (-23 - -18)?
-1
What is the value of 3 - (-4 + 2 + 1)?
4
What is -2 + 2 - (10 + -6 - 0)?
-4
What is (2 - -1 - -2) + -5?
0
What is the value of 0 - (-4 + -7 - -1) - 5?
5
What is the value of 2 + 4 - (0 - -5)?
1
What is the value of 8 + (-12 - -7 - -2)?
5
12 + -16 - (3 + -3)
-4
Calculate (-2 - -7) + (-15 - (5 + -7)).
-8
What is -6 + 0 - (0 + -7 + 6)?
-5
(7 - 11 - -9) + 0 + -1
4
Evaluate (0 - -2) + -4 + 2 - -4.
4
What is 6 - (-2 + 1 + 6)?
1
What is (0 + -8 - -2) + 2 - -1?
-3
-1 + (6 - 1 - (-8 + 20))
-8
What is 4 - (-5 - (-3 - -7 - 13))?
0
-5 + 10 + -12 - -5
-2
-2 + -2 + (0 - -4)
0
3 - (-2 - (4 + -8) - 2)
3
What is 80 - 85 - (0 - -1)?
-6
-2 - (-2 + 7 + (-3 - -1))
-5
Calculate -12 + (-4 - -2) + 8.
-6
Calculate -7 + 6 + (1 - 6) + 4.
-2
Evaluate 13 - 1 - (-60 - -68) - 12.
-8
Evaluate 2 + (-4 - -7) + (-6 - 0).
-1
What is the value of 1 + (1 - -4) + (-32 - -35)?
9
What is 3 + -8 + 3 + (-7 - -4)?
-5
Evaluate (-6 - -12 - -2) + -3.
5
What is the value of 1 - (-3 + (3 - 0))?
1
Calculate 7 - ((2 - -1) + 4 + -2).
2
Evaluate -1 - (1 + -3 - -1).
0
What is 0 - (0 + -1) - (1 + 0)?
0
2 + 3 + -19 + 17
3
-17 + 19 - (1 + 0 - 1)
2
Evaluate -1 + 7 + -2 + 0 + -4.
0
Evaluate -16 + 8 + 14 + -6.
0
What is (7 - 3) + 8 - (11 + -6)?
7
What is the value of 6 + (1 - 6) + 9 + -4?
6
What is the value of -9 + (-5 - -8) - -10?
4
Evaluate 3 - (4 + (-7 - -5)).
1
Calculate 8 - (9 + -6) - 7.
-2
Calculate 0 + 7 + (25 - 17 - 9).
6
Calculate 3 - (4 + (5 - 16) + 2).
8
Evaluate 1 + 2 - (3 - 1).
1
Calculate -89 + 98 - (-1 - -4).
6
Evaluate 9 + -11 + (2 - 0).
0
Evaluate -1 + (-3 - (-2 + -2 + 1)).
-1
Evaluate 15 + (-7 - (3 + -2)) - 1.
6
Evaluate 12 - -3 - 13 - -5.
7
-1 + -3 + 6 + -6
-4
(0 - 3) + (2 - 5 - -1)
-5
Evaluate (-4 - (-2 - 8)) + -16.
-10
Calculate -2 + 1 + 1 + (-279 - -286).
7
Evaluate 3 - (-3 - -4 - -1 - -1).
0
Evaluate 5 + (-29 + 19 - (-1 - -2)).
-6
Evaluate -3 + (4 - 0 - -3) + 1.
5
Evaluate ((2 - -3) + -2 - 2) + 1.
2
What is the value of -3 + 2 + -7 - -6?
-2
What is -5 + 4 + 1 + 2?
2
What is -3 + 1 + 0 + (5 - 7)?
-4
What is the value of 0 - (-3 + 6) - (-6 - -5)?
-2
What is 1 + -2 + -2 + -1?
-4
What is the value of 3 + (-1 - -4 - 8 - 2)?
-4
Calculate (7 - 4 - 5) + (0 - -1).
-1
Evaluate (-7 - 3) + 6 - -8.
4
Evaluate (0 - -1) + 6 + -4 - 3.
0
Evaluate -5 + 9 + 0 + -4 - -2.
2
Evaluate 2 + (4 - 13 - -14).
7
What is the value of -26 + 26 - (-2 - 1)?
3
Evaluate 5 - (1 - (4 + -7)).
1
Evaluate 12 - ((18 - 6) + -5).
5
What is 2 - (10 + -10) - (1 + -1)?
2
-5 - (-3 + 5) - -4 - 4
-7
What is the value of 0 - 1 - 6 - (18 + -20)?
-5
-2 - ((8 - 19) + (3 - -1))
5
What is 2 - (-4 + (-1 - -6))?
1
Calculate 1 + -1 + (5 - (9 + -3)).
-1
What is 2 - -1 - (-1 - -4)?
0
What is the value of -17 - (-1 + -2) - (-57 - -51)?
-8
What is (26 - 17) + (-13 - 0)?
-4
(2 - 1) + 4 - (164 + -165)
6
What is (0 - -1) + (-13 - -12)?
0
What is the value of -2 + -8 + (-33 - -40)?
-3
What is 8 + -3 + -7 - (-1 + 5)?
-6
Evaluate 14 + (-16 - -6) - 11.
-7
What is -4 - (4 - (-6 + 8))?
-6
Evaluate (-4 - 3 - -3) + 1 + -1.
-4
What is 9 - (1 - -7) - -2?
3
(13 - 3) + -2 + (-2 - 1)
5
What is 11 - (-2 + 11) - (0 - 0)?
2
Calculate 2 + (-2 - 1) + (-2 - -3).
0
Evaluate 6 + -5 + 2 + 0.
3
What is -4 + (0 - 1 - (-7 - -4))?
-2
Calculate 0 + -1 + 1 - 3.
-3
What is 2 - 7 - (-1 + -5)?
1
What is 95 - 89 - (-2 + 0 + 1)?
7
What is (-33 - -32) + (0 - -3) + -3?
-1
Evaluate (4 - 1) + 4 + -10.
-3
Evaluate 3 - (-11 - -5) - 6.
3
Evaluate 10 + -10 - (0 + 2) - -5.
3
What is the value of 1 + -2 - (1 - 1) - 0?
-1
Calculate -5 + 6 + -1 - -2 - -1.
3
Calculate 5 + (-1 - -2) + -1.
5
0 + -2 - (12 - (-6 + 11))
-9
Evaluate 7 - (9 - (7 - 6)).
-1
Calculate -2 + (-1 + (-1 - -6) - 2).
0
Calculate (-1 - 1) + (-7 - (6 - 10)).
-5
What is the value of 12 + (4 - 8) - 12?
-4
(-4 - -2) + (8 - (1 + 1))
4
What is the value of (13 - -11) + -12 + -10?
2
What is the value of (-19 - -29) + (-5 - 1)?
4
Evaluate -4 + -3 + (6 - (2 + -2)).
-1
What is the value of (-4 + 0 - (-12 - 4)) + -5?
7
What is -3 + 1 + -9 + 10?
-1
Calculate 1 - (5 + (-5 - -2)).
-1
What is 1 - 0 - (9 + -13)?
5
Evaluate -2 - -15 - 8 - -3.
8
Evaluate 4 - (10 - -1) - -1.
-6
What is 3 + (2 - 4) + 3?
4
What is -14 - (6 - 1 - 8) - -7?
-4
(-7 - (1 + (1 - 5))) + 2
-2
Evaluate 5 + (7 - 6) + -1.
5
Calculate -7 + 5 - (-1 - (2 + -4)).
-3
Evaluate (0 - -8) + (108 - 119).
-3
Evaluate 4 + (0 - -1) + -1.
4
Evaluate -4 + (3 - 4) - (1 - 1).
-5
What is 8 + -6 + 8 + -7?
3
What is the value of -6 - (3 + (-1 - 4 - -1))?
-5
3 + (-4 - -10) + -4 + -5
0
What is (-2 - 10) + (-2 - 0 - -8)?
-6
What is 4 - 15 - (1 + -6)?
-6
What is the value of -4 - ((1 - 9 - -3) + -2)?
3
What is the value of (1 - 0 - (58 + -56)) + -2?
-3
(35 - 33) + (0 - (0 + 1))
1
Calculate (6 - 4) + (-1 - 0) - 6.
-5
Evaluate 0 - -5 - (-4 - -14).
-5
What is the value of 1 - ((5 - 2) + 1) - 0?
-3
Evaluate (-1 - -4) + -2 - 7.
-6
Calculate (0 - (-4 + 3)) + -8 + 1.
-6
Calculate 6 + 1 + -12 + (-4 - -7).
-2
1 - 3 - (18 + -17)
-3
Calculate 3 + (0 - -1 - 4).
0
What is the value of -11 - (-5 + 6 + -7)?
-5
What is -4 + 4 + 4 + -2 - -3?
5
-2 - (-4 + -3 + 1 + 1)
3
Evaluate -2 - -2 - (-10 + 7 + 2).
1
What is 2 + -8 - (-22 